{"id":8536,"date":"2015-09-13T22:40:13","date_gmt":"2022-10-05T07:52:38","guid":{"rendered":"https:\/\/la-tuile.ch\/product\/schuerze-des-suppenfestivals\/"},"modified":"2022-10-05T09:52:38","modified_gmt":"2022-10-05T07:52:38","slug":"schurze-des-suppenfestivals","status":"publish","type":"product","link":"https:\/\/la-tuile.ch\/de\/produkt\/schurze-des-suppenfestivals\/","title":{"rendered":"Sch\u00fcrze des Suppenfestivals"},"content":{"rendered":"","protected":false},"excerpt":{"rendered":"<p><strong>Wenn die K\u00fcche das Herz erw\u00e4rmt!<\/strong><\/p>\n<p>Bringen Sie die gute Stimmung des Suppenfestivals nach Hause, wenn Sie kulinarisch kreativ sind!<\/p>\n<p>Erh\u00e4ltlich in gr\u00fcn oder grau!<\/p>\n","protected":false},"featured_media":4586,"template":"","meta":{"_uag_custom_page_level_css":""},"product_brand":[],"product_cat":[178],"product_tag":[],"class_list":{"0":"post-8536","1":"product","2":"type-product","3":"status-publish","4":"has-post-thumbnail","6":"product_cat-zubehor","8":"first","9":"instock","10":"shipping-taxable","11":"purchasable","12":"product-type-simple"},"uagb_featured_image_src":{"full":["https:\/\/la-tuile.ch\/wp-content\/uploads\/2022\/06\/tablier00.jpg",450,450,false],"thumbnail":["https:\/\/la-tuile.ch\/wp-content\/uploads\/2022\/06\/tablier00-150x150.jpg",150,150,true],"medium":["https:\/\/la-tuile.ch\/wp-content\/uploads\/2022\/06\/tablier00-300x300.jpg",300,300,true],"medium_large":["https:\/\/la-tuile.ch\/wp-content\/uploads\/2022\/06\/tablier00.jpg",450,450,false],"large":["https:\/\/la-tuile.ch\/wp-content\/uploads\/2022\/06\/tablier00.jpg",450,450,false],"1536x1536":["https:\/\/la-tuile.ch\/wp-content\/uploads\/2022\/06\/tablier00.jpg",450,450,false],"2048x2048":["https:\/\/la-tuile.ch\/wp-content\/uploads\/2022\/06\/tablier00.jpg",450,450,false],"woocommerce_thumbnail":["https:\/\/la-tuile.ch\/wp-content\/uploads\/2022\/06\/tablier00-300x300.jpg",300,300,true],"woocommerce_single":["https:\/\/la-tuile.ch\/wp-content\/uploads\/2022\/06\/tablier00.jpg",450,450,false],"woocommerce_gallery_thumbnail":["https:\/\/la-tuile.ch\/wp-content\/uploads\/2022\/06\/tablier00-100x100.jpg",100,100,true]},"uagb_author_info":{"display_name":"LA TUILE","author_link":"https:\/\/la-tuile.ch\/de\/author\/"},"uagb_comment_info":0,"uagb_excerpt":"Wenn die K\u00fcche das Herz erw\u00e4rmt! Bringen Sie die gute Stimmung des Suppenfestivals nach Hause, wenn Sie kulinarisch kreativ sind! Erh\u00e4ltlich in gr\u00fcn oder grau!","_links":{"self":[{"href":"https:\/\/la-tuile.ch\/de\/wp-json\/wp\/v2\/product\/8536","targetHints":{"allow":["GET"]}}],"collection":[{"href":"https:\/\/la-tuile.ch\/de\/wp-json\/wp\/v2\/product"}],"about":[{"href":"https:\/\/la-tuile.ch\/de\/wp-json\/wp\/v2\/types\/product"}],"wp:featuredmedia":[{"embeddable":true,"href":"https:\/\/la-tuile.ch\/de\/wp-json\/wp\/v2\/media\/4586"}],"wp:attachment":[{"href":"https:\/\/la-tuile.ch\/de\/wp-json\/wp\/v2\/media?parent=8536"}],"wp:term":[{"taxonomy":"product_brand","embeddable":true,"href":"https:\/\/la-tuile.ch\/de\/wp-json\/wp\/v2\/product_brand?post=8536"},{"taxonomy":"product_cat","embeddable":true,"href":"https:\/\/la-tuile.ch\/de\/wp-json\/wp\/v2\/product_cat?post=8536"},{"taxonomy":"product_tag","embeddable":true,"href":"https:\/\/la-tuile.ch\/de\/wp-json\/wp\/v2\/product_tag?post=8536"}],"curies":[{"name":"wp","href":"https:\/\/api.w.org\/{rel}","templated":true}]}}

Schürze des Suppenfestivals

<p><strong>Wenn die Küche das Herz erwärmt!</strong></p>
<p>Bringen Sie die gute Stimmung des Suppenfestivals nach Hause, wenn Sie kulinarisch kreativ sind!</p>
<p>Erhältlich in grün oder grau!</p>

Wenn die Küche das Herz erwärmt! Bringen Sie die gute Stimmung des Suppenfestivals nach Hause, wenn Sie kulinarisch kreativ sind! Erhältlich in grün oder grau!
